{"id":583,"date":"2021-03-10T08:53:30","date_gmt":"2021-03-10T08:53:30","guid":{"rendered":"http:\/\/hypnotherapeute-sbm.com\/?page_id=583"},"modified":"2021-03-24T14:40:32","modified_gmt":"2021-03-24T14:40:32","slug":"arret-du-tabac-hypnose","status":"publish","type":"page","link":"https:\/\/hypnotherapeute-sbm.com\/?page_id=583","title":{"rendered":"HYPNOSE ARRET TABAC"},"content":{"rendered":"\n<p><\/p>\n\n\n\n<h2 class=\"has-text-color wp-block-heading\" style=\"color:#124c64\"><strong>ARRETER DE FUMER AVEC L&#8217;HYPNOSE<\/strong><\/h2>\n\n\n\n<figure class=\"wp-block-image size-large is-resized\"><img data-recalc-dims=\"1\" loading=\"lazy\" decoding=\"async\" src=\"https:\/\/i0.wp.com\/hypnotherapeute-sbm.com\/wp-content\/uploads\/2020\/08\/6955452717_a2425f1583_o-1024x682-1.jpg?resize=246%2C164&#038;ssl=1\" alt=\"arret du tabac hypnose\" class=\"wp-image-35\" width=\"246\" height=\"164\" srcset=\"https:\/\/i0.wp.com\/hypnotherapeute-sbm.com\/wp-content\/uploads\/2020\/08\/6955452717_a2425f1583_o-1024x682-1.jpg?w=1024&amp;ssl=1 1024w, https:\/\/i0.wp.com\/hypnotherapeute-sbm.com\/wp-content\/uploads\/2020\/08\/6955452717_a2425f1583_o-1024x682-1.jpg?resize=300%2C200&amp;ssl=1 300w, https:\/\/i0.wp.com\/hypnotherapeute-sbm.com\/wp-content\/uploads\/2020\/08\/6955452717_a2425f1583_o-1024x682-1.jpg?resize=768%2C512&amp;ssl=1 768w\" sizes=\"auto, (max-width: 246px) 100vw, 246px\" \/><\/figure>\n\n\n\n<p>&#8220;<span style=\"color:#134960\" class=\"tadv-color\"><strong>Hypnose arr\u00eat tabac&#8221; est la phrase la plus recherch\u00e9e sur google concernant l&#8217;hypnoth\u00e9rapie. Arr\u00eater de fumer para\u00eet souvent insurmontable, et peut avoir des cons\u00e9quences sur votre sant\u00e9 physique, mais aussi sur votre sant\u00e9 mentale. L&#8217;hypnose va permettre un sevrage tabagique rapide et durable dans le temps, et faire grandir votre confiance en vous ainsi que votre estime.<\/strong><\/span> <strong><span style=\"color:#134459\" class=\"tadv-color\">Mais aussi permettre de faire tomber vos croyances face au tabac.<\/span><\/strong><\/p>\n\n\n\n<p><span style=\"color:#154b62\" class=\"tadv-color\"><strong>c&#8217;est en passant par l&#8217;inconscient que vous arriverez \u00e0 vous lib\u00e9rer de la cigarette. L&#8217;inconscient agissant toujours de fa\u00e7on positive pour vous.<\/strong><\/span><\/p>\n\n\n\n<p><strong><span style=\"color:#0f394b\" class=\"tadv-color\">l&#8217;hypnose pour l&#8217;arr\u00eat du tabac, va faciliter la mise en place des nouveaux comportements \u00e0 la place de celui de fumer, pour vous permettre de <\/span><\/strong><\/p>\n\n\n\n<ul class=\"wp-block-list\"><li><span style=\"color:#114055\" class=\"tadv-color\"><strong>g\u00e9rer vos \u00e9motions<\/strong><\/span><\/li><li><span style=\"color:#114055\" class=\"tadv-color\"><strong>accro\u00eetre votre motivation<\/strong><\/span><\/li><li><span style=\"color:#114055\" class=\"tadv-color\"><strong>adopter des nouveaux r\u00e9flexes et automatismes<\/strong><\/span><\/li><li><strong><span style=\"color:#103d50\" class=\"tadv-color\">assimiler de nouvelles croyances<\/span><\/strong><\/li><\/ul>\n\n\n\n<h2 class=\"wp-block-heading\"><strong><span style=\"color:#174b62\" class=\"tadv-color\">LA CIGARETTE<\/span><\/strong><\/h2>\n\n\n\n<p><span style=\"color:#13485f\" class=\"tadv-color\"><strong>Le tabac contient plus de 4000 substances chimiques, notamment des gaz toxiques tels que l&#8217;ammoniac ou le monoxyde de carbone, la nicotine, des m\u00e9taux lourds et bien plus encore. 50 de ces substances sont canc\u00e9rog\u00e8nes. Le tabac est responsable d&#8217;un cancer sur trois. Le plus connu,  le cancer du poumon, est directement li\u00e9 au tabagisme dans 80 \u00e0 90% des cas.<\/strong><\/span><\/p>\n\n\n\n<p><span style=\"color:#124155\" class=\"tadv-color\"><strong>Voici les composants nocifs d&#8217;une cigarette : <\/strong><\/span><\/p>\n\n\n\n<p><\/p>\n\n\n\n<div class=\"wp-block-image\"><figure class=\"aligncenter size-large is-resized\"><img data-recalc-dims=\"1\" loading=\"lazy\" decoding=\"async\" src=\"https:\/\/i0.wp.com\/hypnotherapeute-sbm.com\/wp-content\/uploads\/2021\/03\/autopsie-d-un-meurtrier-affiche-1.jpg?resize=353%2C440&#038;ssl=1\" alt=\"hypnose pour arreter de fumer\" class=\"wp-image-584\" width=\"353\" height=\"440\" srcset=\"https:\/\/i0.wp.com\/hypnotherapeute-sbm.com\/wp-content\/uploads\/2021\/03\/autopsie-d-un-meurtrier-affiche-1.jpg?resize=821%2C1024&amp;ssl=1 821w, https:\/\/i0.wp.com\/hypnotherapeute-sbm.com\/wp-content\/uploads\/2021\/03\/autopsie-d-un-meurtrier-affiche-1.jpg?resize=241%2C300&amp;ssl=1 241w, https:\/\/i0.wp.com\/hypnotherapeute-sbm.com\/wp-content\/uploads\/2021\/03\/autopsie-d-un-meurtrier-affiche-1.jpg?resize=768%2C957&amp;ssl=1 768w, https:\/\/i0.wp.com\/hypnotherapeute-sbm.com\/wp-content\/uploads\/2021\/03\/autopsie-d-un-meurtrier-affiche-1.jpg?resize=1232%2C1536&amp;ssl=1 1232w, https:\/\/i0.wp.com\/hypnotherapeute-sbm.com\/wp-content\/uploads\/2021\/03\/autopsie-d-un-meurtrier-affiche-1.jpg?w=1387&amp;ssl=1 1387w\" sizes=\"auto, (max-width: 353px) 100vw, 353px\" \/><figcaption><strong>Ligue nationale contre le cancer (2004)<\/strong><\/figcaption><\/figure><\/div>\n\n\n\n<p><span style=\"color:#123d50\" class=\"tadv-color\"><strong>Arr\u00eater de fumer r\u00e9duit de 50% le risque d&#8217;infarctus. Les bienfaits de l&#8217;arr\u00eat du tabac sont imm\u00e9diats et grandissent dans le temps.<\/strong><\/span><\/p>\n\n\n\n<p><strong><span style=\"color:#154356\" class=\"tadv-color\">20 minutes apr\u00e8s une cigarette, la pression sanguine et le rythme cardiaque reviennent \u00e0 la normal.<\/span><\/strong><\/p>\n\n\n\n<p><span style=\"color:#113e51\" class=\"tadv-color\"><strong>8 heures apr\u00e8s, c&#8217;est l&#8217;oxyg\u00e9nation des cellules qui redevient normale.<\/strong><\/span><\/p>\n\n\n\n<p><span style=\"color:#12455b\" class=\"tadv-color\"><strong>24 heures apr\u00e8s la nicotine est \u00e9limin\u00e9e du corps<\/strong><\/span><\/p>\n\n\n\n<p><span style=\"color:#134358\" class=\"tadv-color\"><strong>Apr\u00e8s 48 heures, on retrouve le go\u00fbt et l&#8217;odorat !<\/strong><\/span><\/p>\n\n\n\n<p><span style=\"color:#103b4e\" class=\"tadv-color\"><strong>A partir de 72h jusqu&#8217;\u00e0 3 mois, on retrouve la sant\u00e9, le souffle, l&#8217;\u00e9nergie.<\/strong><\/span><\/p>\n\n\n\n<p><span style=\"color:#0f4055\" class=\"tadv-color\"><strong>Etes vous pr\u00eat \u00e0 retrouver toute votre \u00e9nergie et accro\u00eetre votre sant\u00e9 ?<\/strong><\/span><\/p>\n\n\n\n<p class=\"has-text-color\" style=\"color:#10465e\"><strong>1 audio fourni<\/strong><\/p>\n\n\n\n<p><\/p>\n","protected":false},"excerpt":{"rendered":"<p>ARRETER DE FUMER AVEC L&#8217;HYPNOSE &#8220;Hypnose arr\u00eat tabac&#8221; est la phrase la plus recherch\u00e9e sur google concernant l&#8217;hypnoth\u00e9rapie. Arr\u00eater de fumer para\u00eet souvent insurmontable, et peut avoir des cons\u00e9quences sur votre sant\u00e9 physique, mais aussi sur votre sant\u00e9 mentale. L&#8217;hypnose va permettre un sevrage tabagique&nbsp;<a class=\"read-more\" href=\"https:\/\/hypnotherapeute-sbm.com\/?page_id=583\">&hellip;<\/a><\/p>\n","protected":false},"author":1,"featured_media":0,"parent":18,"menu_order":0,"comment_status":"closed","ping_status":"closed","template":"","meta":{"om_disable_all_campaigns":false,"_monsterinsights_skip_tracking":false,"_monsterinsights_sitenote_active":false,"_monsterinsights_sitenote_note":"","_monsterinsights_sitenote_category":0,"ngg_post_thumbnail":0,"footnotes":""},"class_list":["post-583","page","type-page","status-publish","hentry"],"aioseo_notices":[],"jetpack_shortlink":"https:\/\/wp.me\/PcgQ2S-9p","jetpack_sharing_enabled":true,"_links":{"self":[{"href":"https:\/\/hypnotherapeute-sbm.com\/index.php?rest_route=\/wp\/v2\/pages\/583","targetHints":{"allow":["GET"]}}],"collection":[{"href":"https:\/\/hypnotherapeute-sbm.com\/index.php?rest_route=\/wp\/v2\/pages"}],"about":[{"href":"https:\/\/hypnotherapeute-sbm.com\/index.php?rest_route=\/wp\/v2\/types\/page"}],"author":[{"embeddable":true,"href":"https:\/\/hypnotherapeute-sbm.com\/index.php?rest_route=\/wp\/v2\/users\/1"}],"replies":[{"embeddable":true,"href":"https:\/\/hypnotherapeute-sbm.com\/index.php?rest_route=%2Fwp%2Fv2%2Fcomments&post=583"}],"version-history":[{"count":15,"href":"https:\/\/hypnotherapeute-sbm.com\/index.php?rest_route=\/wp\/v2\/pages\/583\/revisions"}],"predecessor-version":[{"id":874,"href":"https:\/\/hypnotherapeute-sbm.com\/index.php?rest_route=\/wp\/v2\/pages\/583\/revisions\/874"}],"up":[{"embeddable":true,"href":"https:\/\/hypnotherapeute-sbm.com\/index.php?rest_route=\/wp\/v2\/pages\/18"}],"wp:attachment":[{"href":"https:\/\/hypnotherapeute-sbm.com\/index.php?rest_route=%2Fwp%2Fv2%2Fmedia&parent=583"}],"curies":[{"name":"wp","href":"https:\/\/api.w.org\/{rel}","templated":true}]}}