{"id":598,"date":"2021-03-10T18:28:18","date_gmt":"2021-03-10T18:28:18","guid":{"rendered":"http:\/\/hypnotherapeute-sbm.com\/?page_id=598"},"modified":"2021-03-21T17:13:39","modified_gmt":"2021-03-21T17:13:39","slug":"hypnose-angoisse-stress-depression","status":"publish","type":"page","link":"https:\/\/hypnotherapeute-sbm.com\/?page_id=598","title":{"rendered":"ANGOISSE, STRESS, DEPRESSION"},"content":{"rendered":"\n<h1 class=\"wp-block-heading\"><\/h1>\n\n\n\n<figure class=\"wp-block-image size-large is-resized\"><img data-recalc-dims=\"1\" loading=\"lazy\" decoding=\"async\" src=\"https:\/\/i0.wp.com\/hypnotherapeute-sbm.com\/wp-content\/uploads\/2021\/03\/stress-391657_960_720-pixabay-libre-de-droit.jpg?resize=296%2C221&#038;ssl=1\" alt=\"hypnose depression\" class=\"wp-image-706\" width=\"296\" height=\"221\" srcset=\"https:\/\/i0.wp.com\/hypnotherapeute-sbm.com\/wp-content\/uploads\/2021\/03\/stress-391657_960_720-pixabay-libre-de-droit.jpg?w=748&amp;ssl=1 748w, https:\/\/i0.wp.com\/hypnotherapeute-sbm.com\/wp-content\/uploads\/2021\/03\/stress-391657_960_720-pixabay-libre-de-droit.jpg?resize=300%2C224&amp;ssl=1 300w\" sizes=\"auto, (max-width: 296px) 100vw, 296px\" \/><\/figure>\n\n\n\n<p><\/p>\n\n\n\n<p><\/p>\n\n\n\n<h2 class=\"has-text-color wp-block-heading\" style=\"color:#235368\"><strong>L&#8217;ANGOISSE, L&#8217;ANXIETE<\/strong><\/h2>\n\n\n\n<p><\/p>\n\n\n\n<p><strong><span style=\"color:#184f67\" class=\"tadv-color\">L&#8217;hypnose pour l&#8217;angoisse s&#8217;av\u00e8re tr\u00e8s efficace. L&#8217;angoisse est une \u00e9motion ponctuelle, qui appara\u00eet souvent sous forme de crises, que nous pouvons apprendre \u00e0 g\u00e9rer. L\u2019anxi\u00e9t\u00e9 est une r\u00e9action normale. Si elle se manifeste sans \u00e9v\u00e8nement pour la justifier, elle devient un trouble anxieux qui peut se d\u00e9cliner sous plusieurs formes : Anxi\u00e9t\u00e9 g\u00e9n\u00e9ralis\u00e9e, phobies, troubles paniques ou troubles obsessifs compulsifs. L\u2019anxi\u00e9t\u00e9 g\u00e9n\u00e9ralis\u00e9e est le plus courant. Elle concerne  5\u00a0% \u00e0 8\u00a0% de la population. Les femmes sont 2 fois plus touch\u00e9es, en particulier apr\u00e8s 40 ans.<\/span><\/strong><\/p>\n\n\n\n<p><\/p>\n\n\n\n<h2 class=\"wp-block-heading\"><span style=\"color:#174153\" class=\"tadv-color\"><strong>LE STRESS<\/strong><\/span><\/h2>\n\n\n\n<p><\/p>\n\n\n\n<p><strong><span style=\"color:#17495f\" class=\"tadv-color\">Les r\u00e9actions de stress sont normales et utiles. Ce sont des r\u00e9actions physiologiques qui d\u00e9rivent en angoisse quand le mental intervient. On parle de &#8220;bon stress&#8221;, quand le stress sert \u00e0 accro\u00eetre ses performances ou stimuler la motivation. Le stress aigu intervient apr\u00e8s un \u00e9v\u00e9nement traumatisant, ou d\u00e9stabilisant, il est temporaire mais peut \u00eatre fr\u00e9quent. Le stress chronique est un stress permanent qui persiste, chez les personnes anxieuses, la ou des situations difficiles sont persistantes au quotidien, une accumulation de diff\u00e9rentes situations stressantes.<\/span><\/strong><\/p>\n\n\n\n<p><\/p>\n\n\n\n<h2 class=\"wp-block-heading\"><strong><span style=\"color:#113f53\" class=\"tadv-color\">LA DEPRESSION<\/span><\/strong><\/h2>\n\n\n\n<p><\/p>\n\n\n\n<p><strong><span style=\"color:#15495f\" class=\"tadv-color\">L<font color=\"#144155\"><b>a d\u00e9pression vient de l&#8217;<\/b><\/font>int\u00e9rieur et orient\u00e9e pass\u00e9. L&#8217;angoisse et l&#8217;anxi\u00e9t\u00e9 viennent d&#8217;\u00e9l\u00e9ments ext\u00e9rieurs et sont orient\u00e9s futur. Les deux peuvent manifester en m\u00eame temps. En France, on estime que\u00a015 \u00e0 20% de la population\u00a0a souffert ou souffrira d\u2019une d\u00e9pression au cours de sa vie. La d\u00e9pression \u00a0<\/span><span style=\"color:#144155\" class=\"tadv-color\">touche tous les \u00e2ges, 5 \u00e0 20% des patients se suicident, c&#8217;est la deuxi\u00e8me cause de mortalit\u00e9 chez les 15-29 ans.<\/span><\/strong><\/p>\n\n\n\n<p><\/p>\n\n\n\n<h2 class=\"wp-block-heading\"><strong><span style=\"color:#1c5167\" class=\"tadv-color\">LA SEANCE<\/span><\/strong><\/h2>\n\n\n\n<p><\/p>\n\n\n\n<p><strong><span style=\"color:#154a60\" class=\"tadv-color\">Selon le degr\u00e9, l&#8217;origine du trouble, et votre r\u00e9ceptivit\u00e9, j&#8217;utilise plusieurs techniques en compl\u00e9ment de l&#8217;hypnose. Cela permet d&#8217;amplifier l&#8217;efficacit\u00e9. La PNL, l&#8217;EFT ou le RITMO en font parti. L&#8217;hypnose est la r\u00e9ponse automatique dans le cas d&#8217;angoisse, de stress ou de d\u00e9pression. Elle permet de solliciter vos propres ressources et de reprogrammer des nouveaux sch\u00e9mas inconscients. Nous \u00e9tablissons un \u00e9tat des lieux de votre g\u00eane, et mettons en place un plan d&#8217;action \u00e0 mener sur une ou plusieurs s\u00e9ances. A l&#8217;issu de la s\u00e9ance, vous ressentez de suite un mieux \u00eatre imm\u00e9diat. Je vous apprends des techniques d&#8217;autohypnose d&#8217;autres moyens de pouvoir g\u00e9rer en toute autonomie des situations incontr\u00f4lables au par avant.<\/span><\/strong><\/p>\n","protected":false},"excerpt":{"rendered":"<p>L&#8217;ANGOISSE, L&#8217;ANXIETE L&#8217;hypnose pour l&#8217;angoisse s&#8217;av\u00e8re tr\u00e8s efficace. L&#8217;angoisse est une \u00e9motion ponctuelle, qui appara\u00eet souvent sous forme de crises, que nous pouvons apprendre \u00e0 g\u00e9rer. L\u2019anxi\u00e9t\u00e9 est une r\u00e9action normale. Si elle se manifeste sans \u00e9v\u00e8nement pour la justifier, elle devient un trouble anxieux&nbsp;<a class=\"read-more\" href=\"https:\/\/hypnotherapeute-sbm.com\/?page_id=598\">&hellip;<\/a><\/p>\n","protected":false},"author":1,"featured_media":0,"parent":0,"menu_order":0,"comment_status":"closed","ping_status":"closed","template":"","meta":{"om_disable_all_campaigns":false,"_monsterinsights_skip_tracking":false,"_monsterinsights_sitenote_active":false,"_monsterinsights_sitenote_note":"","_monsterinsights_sitenote_category":0,"ngg_post_thumbnail":0,"footnotes":""},"class_list":["post-598","page","type-page","status-publish","hentry"],"aioseo_notices":[],"jetpack_shortlink":"https:\/\/wp.me\/PcgQ2S-9E","jetpack_sharing_enabled":true,"_links":{"self":[{"href":"https:\/\/hypnotherapeute-sbm.com\/index.php?rest_route=\/wp\/v2\/pages\/598","targetHints":{"allow":["GET"]}}],"collection":[{"href":"https:\/\/hypnotherapeute-sbm.com\/index.php?rest_route=\/wp\/v2\/pages"}],"about":[{"href":"https:\/\/hypnotherapeute-sbm.com\/index.php?rest_route=\/wp\/v2\/types\/page"}],"author":[{"embeddable":true,"href":"https:\/\/hypnotherapeute-sbm.com\/index.php?rest_route=\/wp\/v2\/users\/1"}],"replies":[{"embeddable":true,"href":"https:\/\/hypnotherapeute-sbm.com\/index.php?rest_route=%2Fwp%2Fv2%2Fcomments&post=598"}],"version-history":[{"count":13,"href":"https:\/\/hypnotherapeute-sbm.com\/index.php?rest_route=\/wp\/v2\/pages\/598\/revisions"}],"predecessor-version":[{"id":832,"href":"https:\/\/hypnotherapeute-sbm.com\/index.php?rest_route=\/wp\/v2\/pages\/598\/revisions\/832"}],"wp:attachment":[{"href":"https:\/\/hypnotherapeute-sbm.com\/index.php?rest_route=%2Fwp%2Fv2%2Fmedia&parent=598"}],"curies":[{"name":"wp","href":"https:\/\/api.w.org\/{rel}","templated":true}]}}