{"id":637,"date":"2021-03-10T21:19:18","date_gmt":"2021-03-10T21:19:18","guid":{"rendered":"http:\/\/hypnotherapeute-sbm.com\/?page_id=637"},"modified":"2021-03-17T13:15:55","modified_gmt":"2021-03-17T13:15:55","slug":"hypnose-pour-enfant-et-adolescents","status":"publish","type":"page","link":"https:\/\/hypnotherapeute-sbm.com\/?page_id=637","title":{"rendered":"ENFANT\/ADO"},"content":{"rendered":"\n<p><\/p>\n\n\n\n<h2 class=\"has-text-color wp-block-heading\" style=\"color:#17485c\"><strong>L&#8217;HYPNOSE POUR LES ENFANTS <\/strong><\/h2>\n\n\n\n<p><\/p>\n\n\n\n<figure class=\"wp-block-image size-large is-resized\"><img data-recalc-dims=\"1\" loading=\"lazy\" decoding=\"async\" src=\"https:\/\/i0.wp.com\/hypnotherapeute-sbm.com\/wp-content\/uploads\/2020\/11\/ritmo.jpg?resize=345%2C194&#038;ssl=1\" alt=\"hypnose enfant\" class=\"wp-image-497\" width=\"345\" height=\"194\" srcset=\"https:\/\/i0.wp.com\/hypnotherapeute-sbm.com\/wp-content\/uploads\/2020\/11\/ritmo.jpg?w=612&amp;ssl=1 612w, https:\/\/i0.wp.com\/hypnotherapeute-sbm.com\/wp-content\/uploads\/2020\/11\/ritmo.jpg?resize=300%2C169&amp;ssl=1 300w\" sizes=\"auto, (max-width: 345px) 100vw, 345px\" \/><\/figure>\n\n\n\n<p><\/p>\n\n\n\n<p class=\"has-text-color has-normal-font-size\" style=\"color:#0b4a65\"><strong>L&#8217;hypnose pour les enfants et les adolescents est id\u00e9ale pour d\u00e9bloquer des situations ou am\u00e9liorer des comportements qu&#8217;ils ne souhaitent plus.<\/strong> <strong><span style=\"color:#0c516f\" class=\"tadv-color\">L&#8217;\u00e9tat hypnotique chez l&#8217;enfant se pr\u00e9sente comme leur \u00e9tat naturel par essence. Au travers des jeux, contes, histoires, il y a un protocole th\u00e9rapeutique pr\u00e9cis qui me permet d\u2019accompagner votre enfant vers son objectif. Il va pouvoir activer ses propres ressources, cr\u00e9er de nouvelles possibilit\u00e9s,&nbsp; de nouveaux liens avec ce et ceux qui l\u2019entourent<\/span><\/strong>.<strong> Pour les s\u00e9ances enfant et ado, nous pouvons utiliser toutes les techniques de th\u00e9rapie br\u00e8ve selon la cause de consultation. Le RITMO pour les traumatismes, l&#8217;EFT pour les \u00e9motions, la PNL pour le coaching et l&#8217;hypnose pour les blocages inconscients.<\/strong><\/p>\n\n\n\n<p><\/p>\n\n\n\n<h3 class=\"wp-block-heading\"><span style=\"color:#11455b\" class=\"tadv-color\"><strong>LA SEANCE<\/strong><\/span><\/h3>\n\n\n\n<p class=\"has-text-color\" style=\"color:#0e3f54\"><strong>La s\u00e9ance se d\u00e9roule en 3 temps. Tout d&#8217;abord, j&#8217;\u00e9change avec l&#8217;enfant afin qu&#8217;il exprime sa demande. Il est important que l&#8217;enfant soit \u00e0 l&#8217;initiative ou d&#8217;accord avec le fait de voir un hypnoth\u00e9rapeute. Le parent peut ajouter son ressenti sur la situation ou des \u00e9l\u00e9ments sur le motif de consultation. La s\u00e9ance peut alors d\u00e9buter, souvent sans la pr\u00e9sence du parent, sous forme de jeu, visualisation, dessin, ou histoires. Des conseils et des techniques peuvent \u00eatre apport\u00e9s en fin de s\u00e9ance afin de reproduire une mini s\u00e9ance \u00e0 la maison<\/strong>.<\/p>\n\n\n\n<p><\/p>\n\n\n\n<h3 class=\"wp-block-heading\"><span style=\"color:#0f3a4c\" class=\"tadv-color\"><strong>L&#8217;HYPNOSE POUR LES ADOLESCENTS<\/strong><\/span><\/h3>\n\n\n\n<p><span style=\"color:#0f4055\" class=\"tadv-color\"><strong>Les techniques hypnotiques sont efficaces pour un certain nombre de probl\u00e8mes chez les adolescents. Cela permet d&#8217;am\u00e9liorer leur capacit\u00e9 \u00e0 comprendre le potentiel qu&#8217;ils ont, afin de leur permettre de devenir des adultes en bonne sant\u00e9, \u00e9motionnellement \u00e9quilibr\u00e9s et confiants<\/strong>.<\/span><\/p>\n\n\n\n<p><span style=\"color:#0e3e53\" class=\"tadv-color\"><strong>Nous pouvons identifier plusieurs facteurs de stress chez les adolescents dans le monde dans lequel ils vivent.&nbsp;Parmi eux, l&#8217;intimidation (\u00e0 l&#8217;\u00e9cole, au sport, chez lui), les changements hormonaux, la pression scolaire et les exigences sociales vont influencer significativement leur vie.&nbsp;Chez certains adolescents, les probl\u00e8mes \u00e9motionnels peuvent prendre une place d\u00e9mesur\u00e9e.&nbsp;Selon des recherches, un enfant sur dix de moins de 16 ans souffre de probl\u00e8mes de sant\u00e9 mentale<\/strong>.<\/span><\/p>\n\n\n\n<p><\/p>\n\n\n\n<h3 class=\"has-text-color wp-block-heading\" style=\"color:#164e66\"><strong>LES MOTIFS DE CONSULTATION<\/strong><\/h3>\n\n\n\n<p><\/p>\n\n\n\n<p class=\"has-normal-font-size\">&#8211;<span style=\"color:#0c5270\" class=\"tadv-color\"><strong>Confiance&nbsp;et estime de soi,&nbsp;Hypersensibilit\u00e9, Timidit\u00e9, Stress&nbsp;<\/strong><\/span><\/p>\n\n\n\n<p class=\"has-text-color has-normal-font-size\" style=\"color:#0d5b7d\">&#8211;<strong>Troubles du sommeil, cauchemars, \u00c9nur\u00e9sie, Encopr\u00e9sie<\/strong><\/p>\n\n\n\n<p class=\"has-normal-font-size\">&#8211;<span style=\"color:#0c5574\" class=\"tadv-color\"><strong>Phobies, TOC, TIC, TDAH,&nbsp; b\u00e9gaiement, se ronger les ongles,&nbsp; sucer le pouce<\/strong><\/span><\/p>\n\n\n\n<p class=\"has-text-color has-normal-font-size\" style=\"color:#144a62\">&#8211;<strong><span style=\"color:#124256\" class=\"tadv-color\">Difficult\u00e9 \u00e0 surmonter un \u00e9v\u00e9nement&nbsp;; deuil, divorce, harc\u00e8lement<\/span><\/strong><\/p>\n\n\n\n<p class=\"has-normal-font-size\">&#8211;<strong><span style=\"color:#0c4b66\" class=\"tadv-color\">augmenter la motivation&nbsp;et la concentration, pr\u00e9paration aux examens, augmentation de la cr\u00e9ativit\u00e9<\/span><\/strong><\/p>\n\n\n\n<p class=\"has-normal-font-size\">&#8211;<strong><span style=\"color:#0f5674\" class=\"tadv-color\">Liens familiaux, trouver sa place, relation parents\/enfants\/fratrie, acceptation de la s\u00e9paration<\/span><\/strong><\/p>\n\n\n\n<p class=\"has-normal-font-size\"><strong><span style=\"color:#0c5a7b\" class=\"tadv-color\">Pour les enfants une consultation&nbsp;\u00e0 votre domicile est possible, ce qui permet \u00e0 l\u2019enfant d\u2019\u00eatre en confiance, dans son environnement.<\/span><\/strong><\/p>\n\n\n\n<p><\/p>\n","protected":false},"excerpt":{"rendered":"<p>L&#8217;HYPNOSE POUR LES ENFANTS L&#8217;hypnose pour les enfants et les adolescents est id\u00e9ale pour d\u00e9bloquer des situations ou am\u00e9liorer des comportements qu&#8217;ils ne souhaitent plus. L&#8217;\u00e9tat hypnotique chez l&#8217;enfant se pr\u00e9sente comme leur \u00e9tat naturel par essence. Au travers des jeux, contes, histoires, il y&nbsp;<a class=\"read-more\" href=\"https:\/\/hypnotherapeute-sbm.com\/?page_id=637\">&hellip;<\/a><\/p>\n","protected":false},"author":1,"featured_media":0,"parent":18,"menu_order":3,"comment_status":"closed","ping_status":"closed","template":"","meta":{"om_disable_all_campaigns":false,"_monsterinsights_skip_tracking":false,"_monsterinsights_sitenote_active":false,"_monsterinsights_sitenote_note":"","_monsterinsights_sitenote_category":0,"ngg_post_thumbnail":0,"footnotes":""},"class_list":["post-637","page","type-page","status-publish","hentry"],"aioseo_notices":[],"jetpack_shortlink":"https:\/\/wp.me\/PcgQ2S-ah","jetpack_sharing_enabled":true,"_links":{"self":[{"href":"https:\/\/hypnotherapeute-sbm.com\/index.php?rest_route=\/wp\/v2\/pages\/637","targetHints":{"allow":["GET"]}}],"collection":[{"href":"https:\/\/hypnotherapeute-sbm.com\/index.php?rest_route=\/wp\/v2\/pages"}],"about":[{"href":"https:\/\/hypnotherapeute-sbm.com\/index.php?rest_route=\/wp\/v2\/types\/page"}],"author":[{"embeddable":true,"href":"https:\/\/hypnotherapeute-sbm.com\/index.php?rest_route=\/wp\/v2\/users\/1"}],"replies":[{"embeddable":true,"href":"https:\/\/hypnotherapeute-sbm.com\/index.php?rest_route=%2Fwp%2Fv2%2Fcomments&post=637"}],"version-history":[{"count":10,"href":"https:\/\/hypnotherapeute-sbm.com\/index.php?rest_route=\/wp\/v2\/pages\/637\/revisions"}],"predecessor-version":[{"id":716,"href":"https:\/\/hypnotherapeute-sbm.com\/index.php?rest_route=\/wp\/v2\/pages\/637\/revisions\/716"}],"up":[{"embeddable":true,"href":"https:\/\/hypnotherapeute-sbm.com\/index.php?rest_route=\/wp\/v2\/pages\/18"}],"wp:attachment":[{"href":"https:\/\/hypnotherapeute-sbm.com\/index.php?rest_route=%2Fwp%2Fv2%2Fmedia&parent=637"}],"curies":[{"name":"wp","href":"https:\/\/api.w.org\/{rel}","templated":true}]}}