{"id":759,"date":"2021-03-18T09:46:17","date_gmt":"2021-03-18T09:46:17","guid":{"rendered":"http:\/\/hypnotherapeute-sbm.com\/?page_id=759"},"modified":"2021-03-26T08:28:22","modified_gmt":"2021-03-26T08:28:22","slug":"hypnose-pour-maigrir","status":"publish","type":"page","link":"https:\/\/hypnotherapeute-sbm.com\/?page_id=759","title":{"rendered":"HYPNOSE POUR MAIGRIR"},"content":{"rendered":"\n<h2 class=\"has-text-color wp-block-heading\" style=\"color:#104257\"><strong>L&#8217;HYPNOSE POUR MAIGRIR EST-CE EFFICACE ?<\/strong><\/h2>\n\n\n\n<p><\/p>\n\n\n\n<figure class=\"wp-block-image size-large is-resized\"><img data-recalc-dims=\"1\" loading=\"lazy\" decoding=\"async\" src=\"https:\/\/i0.wp.com\/hypnotherapeute-sbm.com\/wp-content\/uploads\/2020\/08\/minceur-la-luxopuncture-une-nouvelle-methode-pour-perdre-du-poids-2.jpeg?resize=213%2C120&#038;ssl=1\" alt=\"hypnose pour maigrir\" class=\"wp-image-130\" width=\"213\" height=\"120\" srcset=\"https:\/\/i0.wp.com\/hypnotherapeute-sbm.com\/wp-content\/uploads\/2020\/08\/minceur-la-luxopuncture-une-nouvelle-methode-pour-perdre-du-poids-2.jpeg?w=850&amp;ssl=1 850w, https:\/\/i0.wp.com\/hypnotherapeute-sbm.com\/wp-content\/uploads\/2020\/08\/minceur-la-luxopuncture-une-nouvelle-methode-pour-perdre-du-poids-2.jpeg?resize=300%2C169&amp;ssl=1 300w, https:\/\/i0.wp.com\/hypnotherapeute-sbm.com\/wp-content\/uploads\/2020\/08\/minceur-la-luxopuncture-une-nouvelle-methode-pour-perdre-du-poids-2.jpeg?resize=768%2C432&amp;ssl=1 768w\" sizes=\"auto, (max-width: 213px) 100vw, 213px\" \/><\/figure>\n\n\n\n<p><\/p>\n\n\n\n<p><strong><span style=\"color:#194a5f\" class=\"tadv-color\">L&#8217;hypnose pour maigrir s&#8217;adresse \u00e0 toute personne qui a du mal \u00e0 suivre un r\u00e9gime alimentaire sain et un programme d&#8217;exercice. Parce qu&#8217;il est difficile de se d\u00e9barrasser de ses habitudes n\u00e9gatives, d&#8217;\u00eatre coinc\u00e9 dans des habitudes n\u00e9fastes comme manger un paquet de g\u00e2teau au lieu de s&#8217;arr\u00eater lorsque vous n&#8217;avez plus faim, indique qu&#8217;un probl\u00e8me inconscient est pr\u00e9sent.<\/span><\/strong><\/p>\n\n\n\n<p><strong><span style=\"color:#124358\" class=\"tadv-color\">L&#8217;inconscient est l&#8217;endroit o\u00f9 se trouvent vos \u00e9motions, vos habitudes et vos d\u00e9pendances.\u00a0C&#8217;est pourquoi l&#8217;hypnoth\u00e9rapie peut \u00eatre plus efficace car elle s&#8217;adresse \u00e0 l&#8217;inconscient et non pas au conscient.<\/span><\/strong><\/p>\n\n\n\n<p><strong><span style=\"color:#164b62\" class=\"tadv-color\">En cas de probl\u00e8mes de sant\u00e9, comme le diab\u00e8te, l&#8217;ob\u00e9sit\u00e9, ou les maladies cardiovasculaires, l&#8217;hypnose sera un compl\u00e9ment \u00e0 d&#8217;autres programmes con\u00e7us par les professionnels de sant\u00e9.<\/span><\/strong><\/p>\n\n\n\n<p><\/p>\n\n\n\n<h2 class=\"has-text-color wp-block-heading\" style=\"color:#14495f\"><strong>LES TECHNIQUES<\/strong><\/h2>\n\n\n\n<p><\/p>\n\n\n\n<p class=\"has-text-color\" style=\"color:#124156\"><strong>Anti-grignotage\/changement des habitudes alimentaires\/anti sucre<\/strong><\/p>\n\n\n\n<p class=\"has-text-color\" style=\"color:#16475c\"><strong>S\u00e9ances de d\u00e9culpabilisation\/estime et confiance en soi<\/strong><\/p>\n\n\n\n<p class=\"has-text-color\" style=\"color:#123c4f\"><strong>Pose d&#8217;un anneau gastrique virtuel<\/strong><\/p>\n\n\n\n<p><\/p>\n\n\n\n<p><\/p>\n\n\n\n<h2 class=\"wp-block-heading\"><strong><span style=\"color:#10445a\" class=\"tadv-color\">LA SEANCE<\/span><\/strong><\/h2>\n\n\n\n<p><strong><span style=\"color:#164458\" class=\"tadv-color\">Les s\u00e9ances consistent \u00e0 reprogrammer les r\u00e9actions \u00e9motionnelles et habitudes g\u00e9r\u00e9es \u00e0 un niveau inconscient. Cr\u00e9er un changement plus naturel, et donc plus fiable pour maintenir une perte de poids sur le long terme. Selon votre r\u00e9ponse personnelle face \u00e0 l&#8217;\u00e9tat modifi\u00e9 de conscience, 2 \u00e0 4 s\u00e9ances suffiront. Cet \u00e9tat vous rend plus susceptible au changement, et c&#8217;est pourquoi perdre du poids s&#8217;av\u00e8re possible.&nbsp;Contrairement aux autres m\u00e9thodes, l&#8217;hypnose s&#8217;attaque \u00e0 la cause et aux autres facteurs qui contribuent directement au niveau inconscient.  Les souvenirs, habitudes, peurs, associations alimentaires, et estime de soi font parti des facteurs qui contribuent aux mauvais comportements alimentaires. <\/span><\/strong><\/p>\n\n\n\n<p><strong><span style=\"color:#134053\" class=\"tadv-color\">L&#8217;hypnose permettra de :<\/span><\/strong><\/p>\n\n\n\n<p class=\"has-text-color\" style=\"color:#0f3c4f\">\u2013<strong>Modifier vos comportements&nbsp; face aux aliments (ou sucre)<\/strong><\/p>\n\n\n\n<p class=\"has-text-color\" style=\"color:#0e3647\">\u2013<strong>D\u00e9programmer les blocages psychologiques<\/strong><\/p>\n\n\n\n<p>\u2013<strong><span style=\"color:#10394a\" class=\"tadv-color\">\u00c9vacuer les \u00e9motions et habitudes responsables de votre prise de poids<\/span><\/strong><\/p>\n\n\n\n<p>\u2013<strong><span style=\"color:#144b63\" class=\"tadv-color\">Am\u00e9liorer la vision de vous m\u00eame et de votre corps<\/span><\/strong><\/p>\n\n\n\n<p class=\"has-text-color\" style=\"color:#124156\">\u2013&nbsp;<strong>Renforcer votre motivation<\/strong><\/p>\n\n\n\n<p class=\"has-text-color\" style=\"color:#0f445a\"><strong>1 audio fourni<\/strong><\/p>\n","protected":false},"excerpt":{"rendered":"<p>L&#8217;HYPNOSE POUR MAIGRIR EST-CE EFFICACE ? L&#8217;hypnose pour maigrir s&#8217;adresse \u00e0 toute personne qui a du mal \u00e0 suivre un r\u00e9gime alimentaire sain et un programme d&#8217;exercice. Parce qu&#8217;il est difficile de se d\u00e9barrasser de ses habitudes n\u00e9gatives, d&#8217;\u00eatre coinc\u00e9 dans des habitudes n\u00e9fastes comme&nbsp;<a class=\"read-more\" href=\"https:\/\/hypnotherapeute-sbm.com\/?page_id=759\">&hellip;<\/a><\/p>\n","protected":false},"author":1,"featured_media":0,"parent":0,"menu_order":0,"comment_status":"closed","ping_status":"closed","template":"","meta":{"om_disable_all_campaigns":false,"_monsterinsights_skip_tracking":false,"_monsterinsights_sitenote_active":false,"_monsterinsights_sitenote_note":"","_monsterinsights_sitenote_category":0,"ngg_post_thumbnail":0,"footnotes":""},"class_list":["post-759","page","type-page","status-publish","hentry"],"aioseo_notices":[],"jetpack_shortlink":"https:\/\/wp.me\/PcgQ2S-cf","jetpack_sharing_enabled":true,"_links":{"self":[{"href":"https:\/\/hypnotherapeute-sbm.com\/index.php?rest_route=\/wp\/v2\/pages\/759","targetHints":{"allow":["GET"]}}],"collection":[{"href":"https:\/\/hypnotherapeute-sbm.com\/index.php?rest_route=\/wp\/v2\/pages"}],"about":[{"href":"https:\/\/hypnotherapeute-sbm.com\/index.php?rest_route=\/wp\/v2\/types\/page"}],"author":[{"embeddable":true,"href":"https:\/\/hypnotherapeute-sbm.com\/index.php?rest_route=\/wp\/v2\/users\/1"}],"replies":[{"embeddable":true,"href":"https:\/\/hypnotherapeute-sbm.com\/index.php?rest_route=%2Fwp%2Fv2%2Fcomments&post=759"}],"version-history":[{"count":5,"href":"https:\/\/hypnotherapeute-sbm.com\/index.php?rest_route=\/wp\/v2\/pages\/759\/revisions"}],"predecessor-version":[{"id":884,"href":"https:\/\/hypnotherapeute-sbm.com\/index.php?rest_route=\/wp\/v2\/pages\/759\/revisions\/884"}],"wp:attachment":[{"href":"https:\/\/hypnotherapeute-sbm.com\/index.php?rest_route=%2Fwp%2Fv2%2Fmedia&parent=759"}],"curies":[{"name":"wp","href":"https:\/\/api.w.org\/{rel}","templated":true}]}}